{"id":181,"date":"2025-09-08T20:40:15","date_gmt":"2025-09-08T16:40:15","guid":{"rendered":"https:\/\/anuncioseconomicos.net.pe\/?page_id=181"},"modified":"2025-09-23T02:05:07","modified_gmt":"2025-09-22T22:05:07","slug":"anuncios-destacados","status":"publish","type":"page","link":"https:\/\/anuncioseconomicos.net.pe\/?page_id=181","title":{"rendered":"ANUNCIOS DESTACADOS"},"content":{"rendered":"\n\n\n\n<p style=\"text-align: center;\"><img loading=\"lazy\" decoding=\"async\" class=\"alignnone size-medium wp-image-187\" src=\"https:\/\/anuncioseconomicos.net.pe\/wp-content\/uploads\/2025\/09\/AVISO-IMPORT-300x143.gif\" alt=\"\" width=\"300\" height=\"143\" \/>\u00a0 \u00a0 <img loading=\"lazy\" decoding=\"async\" class=\"alignnone size-medium wp-image-182\" src=\"https:\/\/anuncioseconomicos.net.pe\/wp-content\/uploads\/2025\/09\/ANUNCIO-DESTA-300x188.gif\" alt=\"\" width=\"300\" height=\"188\" \/><\/p>\n\n\n\n\n\n\n\n\n\n\n<h1><strong style=\"color: rgb(230, 0, 0);\">PROMOCIONA TU EMPRESA CON TODO EL POTENCIAL DE LA PUBLICIDAD ECON\u00d3MICA CON BAJAS INVERSIONES<\/strong><\/h1>\n<h1 style=\"color: rgb(0, 102, 204);\">TU ANUNCIO CON TODAS LAS VENTAJAS A CONTINUACI\u00d3N<\/h1>\n\nTU TEXTO MEJORADO CON INTELIGENCIA ARTIFICIAL\nDIARIAMENTE DURANTE M\u00c1S TIEMPO EN LAS REDES SOCIALES M\u00c1S FUERTES, COMO FACEBOOK, LINKEDIN, TIKTOK Y WHATSAPP, INCLUYENDO RADIO Y TV\nTU PUBLICIDAD EN IMAGEN Y VIDEO (EN VIDEO PUEDES ELEGIR CON IM\u00c1GENES DE INTELIGENCIA ARTIFICIAL O FILMACI\u00d3N EN TU EMPRESA)\nY AL FINAL A\u00daN PODR\u00c1S RECIBIR LAS IM\u00c1GENES Y VIDEOS PARA PROMOCIONAR TAMBI\u00c9N EN TUS REDES SOCIALES\n\n<h1><strong style=\"color: rgb(230, 0, 0);\">ELIGE EL PAQUETE QUE QUIERES<\/strong><\/h1>\n<h2>PAQUETE 01<\/h2>\n\n7 D\u00cdAS EN FACEBOOK, LINKEDIN, YOUTUBE, WHATSAPP, TIK TOK, TV Y RADIO\nCON SU IMAGEN MEJORADA LOGO Y VIDEO PRODUCIDO PARA TV Y YOUTUBE, EN AUDIO ELECTR\u00d3NICO PARA RADIO\n\n<h2>Your Heading<\/h2>\n\n\n","protected":false},"excerpt":{"rendered":"","protected":false},"author":1,"featured_media":0,"parent":0,"menu_order":0,"comment_status":"closed","ping_status":"closed","template":"","meta":{"pagelayer_contact_templates":[],"_pagelayer_content":"","footnotes":""},"class_list":["post-181","page","type-page","status-publish","hentry"],"_links":{"self":[{"href":"https:\/\/anuncioseconomicos.net.pe\/index.php?rest_route=\/wp\/v2\/pages\/181","targetHints":{"allow":["GET"]}}],"collection":[{"href":"https:\/\/anuncioseconomicos.net.pe\/index.php?rest_route=\/wp\/v2\/pages"}],"about":[{"href":"https:\/\/anuncioseconomicos.net.pe\/index.php?rest_route=\/wp\/v2\/types\/page"}],"author":[{"embeddable":true,"href":"https:\/\/anuncioseconomicos.net.pe\/index.php?rest_route=\/wp\/v2\/users\/1"}],"replies":[{"embeddable":true,"href":"https:\/\/anuncioseconomicos.net.pe\/index.php?rest_route=%2Fwp%2Fv2%2Fcomments&post=181"}],"version-history":[{"count":5,"href":"https:\/\/anuncioseconomicos.net.pe\/index.php?rest_route=\/wp\/v2\/pages\/181\/revisions"}],"predecessor-version":[{"id":318,"href":"https:\/\/anuncioseconomicos.net.pe\/index.php?rest_route=\/wp\/v2\/pages\/181\/revisions\/318"}],"wp:attachment":[{"href":"https:\/\/anuncioseconomicos.net.pe\/index.php?rest_route=%2Fwp%2Fv2%2Fmedia&parent=181"}],"curies":[{"name":"wp","href":"https:\/\/api.w.org\/{rel}","templated":true}]}}